- 4*b. Let t(a) be the second derivative of 1/6*a**3 - 9/2*a**u + 0 - 2*a. Calculate t(0).
-9
Let m(n) be the second derivative of 1/6*n**3 + 0*n**4 + 0 - n + 0*n**2 + 1/120*n**5. Let y(k) be the second derivative of m(k). Give y(5).
5
Let u be (-1)/(-4) + 1/(-4). Let s(r) = -r**2 + 1. Let i(l) = -l**3 + l**2 + l - 5. Let h(p) = i(p) + s(p). Determine h(u).
-4
Let f = -5 - -7. Let y = f + -7. Let g(v) be the first derivative of v**2/2 + 4*v - 1. Determine g(y).
-1
Suppose -60 = -0*s + 10*s. Let r(z) = -z**3 - 8*z**2 - 9*z - 5. Determine r(s).
-23
Suppose -5*k + k + 3*p = -31, 3*k + 2*p - 2 = 0. Let w = k - 6. Let q be (0*(-2)/4)/w. Let h(z) = -z + 5. Determine h(q).
5
Let p(f) be the third derivative of -f**6/120 + f**5/30 - f**3/3 + 24*f**2. What is p(-2)?
14
Let d(a) = -a**3 + 3*a**2 - 4. Let r(c) = -c**2 + c + 20. Let n be r(5). Suppose 4*h - 6 - 10 = 0. Suppose -7 = -b - u, -h*b + 4*u - u = n. What is d(b)?
-4
Suppose -3*j = -0*j + 51. Let o be (j/68)/(1/(-20)). Let u(h) = h**3 - 5*h**2 - 2. What is u(o)?
-2
Let f(k) = k**2 - 13*k + 11. Let v(r) = r. Let d(i) = f(i) + 2*v(i). Let l be d(10). Let j be (4 + -7)/(2 - l). Let m(s) = 2*s**2 + 3*s. What is m(j)?
9
Let n(d) = -d**2 - d. Let m(c) = -7*c**2. Let y(u) = m(u) - 6*n(u). Let v be 1 + 1 + 3 - 0. Calculate y(v).
5
Let n(c) = -c**3 + 5*c**2 - 6*c + 3. Let p = 0 + 0. Suppose 5*z = -6 + 26, -m = -4*z + 12. Suppose -m = -p*l - l. What is n(l)?
-5
Let i(k) be the second derivative of 0 + 5/6*k**3 - 1/3*k**4 + 2*k + 0*k**2 - 1/20*k**5. Calculate i(-5).
0
Suppose 2*s + 7 + 1 = 0. Let c(m) = -m**3 - 9*m**2 + 3*m + 12. Let j(h) = h**3 + 8*h**2 - 2*h - 10. Let i(p) = 4*c(p) + 5*j(p). Calculate i(s).
-10
Suppose -a - 2 = -5. Let k(c) = 2*c**2 - a - 2*c + 0*c - 2 + 4. What is k(2)?
3
Let i(z) = -4*z**3 + 3*z**2 - 5*z + 1. Let c(a) = -11*a**3 + 9*a**2 - 14*a + 3. Let v(m) = -3*c(m) + 8*i(m). Calculate v(3).
5
Let w(c) = -c**3 - 8*c**2 + 10*c + 5. Let r be w(-9). Let k(q) = -q**2 - 4*q - 4. Let n be k(r). Let i(p) = -2*p - 4. Determine i(n).
4
Let g(w) = w**2 + w - 1. Let v = 59 - 61. Give g(v).
1
Let y(m) = -4*m**2 + 10*m + 4. Let n(b) = -b**2 + 3*b + 1. Let l(s) = -6*n(s) + 2*y(s). Suppose 3*w = 6*w - 6. Give l(w).
-2
Let q(r) = -7*r**3 - 5*r**2 + 2*r + 4. Let a(h) = h**3 + h**2 - 1. Let s(g) = 5*a(g) + q(g). Calculate s(2).
-13
Suppose -5*d = -0*d + 2*u - 16, 0 = 2*d + 4*u. Suppose n - d*r + 1 = -0*n, -n = -3*r. Let i(v) = -3 - 6*v + n. Calculate i(1).
-6
Let d(r) = -9*r + 2*r - 8*r + 9. Let v(g) = -5*g + 2. Let a(j) = -4*j + 1. Let p(f) = 2*a(f) - 3*v(f). Let w(b) = -6*d(b) - 13*p(b). Give w(-2).
0
Let y be 4/(-6)*1*6. Let q be 16 + -2 + -2 + 1. Let o(w) = 2*w - 9 - 3*w + q - w**2. Calculate o(y).
-8
Let l(f) = -3 + f + 0 - 2. Let w(j) = -j**2 + 17*j - 42. Let q be w(3). What is l(q)?
-5
Suppose 0 = -12*m + 15*m + 12. Let f(x) = x**3 + 4*x**2 - 3*x - 2. Determine f(m).
10
Let t(s) = -100 - 12*s**3 + 100 - s**2. Let x = 11 - 10. Give t(x).
-13
Let k(f) = -2 + 3 - 3 - 2*f. Let z(t) = -t**2 + 2*t + 7. Let j be z(0). Suppose -j*i = -6*i + 3. Give k(i).
4
Let i(o) = -o + 1. Let q be i(0). Let z = -10 + 13. Let u(x) = -x**2 + 15*x**3 + 0*x**2 - 7*x**z. Give u(q).
7
Let h be 12/(-18) + (-4)/3. Let n(p) = 1 + 2 - 2. Let g(x) = 3*x**2 + 3*x - 3. Let a(y) = -g(y) - 4*n(y). Determine a(h).
-7
Let m = 3 - 6. Let a = -14 - -16. Let l = a + m. Let s(o) = 6*o**3 - 1. Calculate s(l).
-7
Let n(k) = -2*k + 3. Let j = 12 - 7. Give n(j).
-7
Let w(q) = 2*q**3 + q**2 - 4*q - 3. Let k(b) = -2*b**3 - b**2 + 4*b + 3. Let i(s) = -6*k(s) - 5*w(s). Determine i(-2).
-7
Let r(f) = -2*f - 1. Let v = 12 + 5. Let h = 9 + v. Let c be h/(-14) + (-4)/28. Give r(c).
3
Let r = -93 - -86. Let h(c) = -c**2 - 9*c. What is h(r)?
14
Let i be 0 + 6/3 - 0. Suppose i*u + y = 55, -2*y = 3*u - y - 83. Let b be u/6 - (-5)/15. Let k(o) = -o**2 + 5*o + 2. Calculate k(b).
2
Let j = -5 - 0. Let y = -1 - j. Let h(o) = -1 + 3*o + o + 0*o**2 - 5*o**2 + o**3. Determine h(y).
-1
Let m(a) = a**2 - a - 7. Let d(u) = -2*u**2 + 2*u + 13. Let o(q) = -4*d(q) - 7*m(q). Calculate o(-3).
9
Let u(w) = w + 6. Let v be u(-3). Let d(k) = 3*k + 4 - v*k - 3 - 4*k**2. Give d(-1).
-3
Let q = -2 - -1. Let t be (2 - -3) + (-4 - q). Let b(z) = 2*z**t - 5*z**2 - 4*z**2. Calculate b(-1).
-7
Let x(q) be the third derivative of q**5/120 + q**4/24 - q**3/3 - 5*q**2. Let g(b) be the first derivative of x(b). Calculate g(4).
5
Let o(d) = -5*d**2 + 1. Let y = -3 - -4. Let h = y + 2. Let l be (2/h)/((-8)/(-12)). What is o(l)?
-4
Let c be (-3)/(-15) + (-32)/10. Let x = -6 - c. Let l(g) = 3 + 3*g**2 + 5*g - 2*g + 3*g**3 - 2*g**3. Give l(x).
-6
Let f(z) = z**2 + 3*z - 5. Let h(l) = l + 2. Let r be h(-6). Calculate f(r).
-1
Let n be 6/(-4)*4/(-3). Let r(g) = -1. Let j(x) = 2*x - 4. Let s(d) = -j(d) + r(d). Calculate s(n).
-1
Let u(q) = q**2 + 6*q + 1. Suppose 6*z - 2*z - 96 = 0. Suppose 2*m - 6 = r, -4*m = -5*r - 0*r - z. Determine u(r).
-7
Let g be 11 + (3 + -3)*-1. Let c(j) = -j - j + 2 + 14 - g. Determine c(4).
-3
Let t(u) = u**2 - u**3 + 9*u - 9*u**2 + 6 + 0*u**3. Determine t(-9).
6
Let l = -11 + 13. Suppose 0 = -5*m + l*c + 3*c - 45, 0 = -5*m + 4*c - 42. Let f(q) = -5*q - 6*q - q**3 - 2 - 7*q**2 + 5*q. Give f(m).
-2
Let c(d) = -3*d + 5*d**3 + 0*d + 2 + 5*d - 4*d**3. Give c(-2).
-10
Let d(g) be the second derivative of -4*g**4/3 + g**3/3 - g**2/2 - 6*g + 4. Give d(1).
-15
Let g(b) = -2*b**2 - b + 1. Let v be g(2). Let k = v + -4. Let w = -8 - k. Let j(t) = -t**2 + 5*t - 5. What is j(w)?
-5
Suppose 5*i = 3*a - 19, -i - 1 = 3*a - 5*a. Let d(k) be the third derivative of k**6/120 + k**5/60 + k**4/24 + k**3/3 - 15*k**2. Calculate d(a).
-4
Let z be 3 + 3 + 0/2. Let h = z + -3. Let o be (-45)/(-6)*(-2)/h. Let k(i) = i + 6. Give k(o).
1
Suppose 2 = -5*u + 6*u. Let l(t) = -7*t**2 + 3*t. Determine l(u).
-22
Let d(y) = -y**3 + y + 7. Let m(p) be the second derivative of -p**4/12 + 2*p**3/3 + 5*p**2/2 - 5*p. Let w be m(5). Give d(w).
7
Let x(f) = -f**3 - 4*f + 3*f**2 - 2*f - 9*f**2 + f - 6. Let q(w) = -w**3 + 18*w**2 - w + 13. Let v be q(18). Calculate x(v).
-6
Let d(b) = b**2 - 4*b - 5. Let v be d(5). Let w be (-3 - -6) + -3 + v. Let q(k) = k - 9. Give q(w).
-9
Let l(b) = -3*b**2 - 2*b**2 + 4*b**3 + 2*b**3 + 9 - 2*b - 4. Let d(a) = a**3 - a. Let x(v) = -5*d(v) + l(v). Give x(4).
1
Let p(o) = o - 2. Suppose 0 = -104*u + 101*u - 9. Give p(u).
-5
Let f(q) = -q**3 + 4*q**2 + 3*q - 2. Let z(x) = -4*x - 14 + 2*x + 2. Suppose 4*n + 0*n = -32. Let b be z(n). What is f(b)?
10
Let c(l) = -l**3 - l**2 + l + 1. Let d be c(-1). Suppose -3*m + 8 - 20 = d. Let o(z) = 2*z**2 + 5*z - 3. Determine o(m).
9
Let z(r) be the first derivative of 0*r**2 + 1/2*r**4 + 0*r - 2/3*r**3 - 5. Give z(2).
8
Let d(p) = 2*p**3 + 10*p**2 - 5*p + 9. Let w(f) = f**3 + f**2 + f + 1. Let o(r) = -d(r) + 3*w(r). Give o(6).
6
Let a(n) be the third derivative of n**6/120 - 7*n**5/60 + n**4/12 - 4*n**3/3 - 6*n**2. What is a(7)?
6
Let h(d) be the second derivative of d**2 - 3*d + 1/3*d**3 - 1/12*d**4 + 0. Let l = 2 - 4. Determine h(l).
-6
Let r(j) = -j**3 + 4*j**2 - 1. Suppose 8*m - 36 = 4*m + 5*s, -2*m + 28 = -5*s. Calculate r(m).
-1
Suppose -3*r = 4*r - 14. Let c(i) = 8*i + 1. Calculate c(r).
17
Let l be (-5 - -1)*(-1)/2. Suppose w + 5 = l*w. Let b(q) = q**3 - 12*q**2 + 5*q - 2. Let k(c) = c**2 + 1. Let a(y) = -b(y) - 6*k(y). Calculate a(w).
-4
Let l(y) = -3*y - 24. Let x be l(-11). Let u(h) = h**2 - 8*h - 11. Give u(x).
-2
Let s(c) = -8*c - 1. Let x(f) = -17*f - 1. Let h(m) = 5*s(m) - 2*x(m). Let z(a) = 13*a + 6. Let j = 6 + -15. Let o(q) = j*h(q) - 4*z(q). Calculate o(-2).
-1
Let q(w) = w - 1. Let j(a) = -2*a + 2. Let s(x) = j(x) + 4*q(x). Calculate s(2).
2
Let l = 7 + -5. Let a(p) = 481*p**2 - 3 - p**3 - 3*p + 6 - 477*p**2. What is a(l)?
5
Let f(v) = -3*v + 3. Let r be (-2 + (-96)/(-30))/(2/5). Give f(r).
-6
Let v(p) = p**3 - 3*p**2 - 5*p + 2. Let n be 4 - 4/6*(-3)/2. What is v(n)?
27
Let l(q) = 10*q**2 + 1. Suppose -2 - 2 = -4*s. Give l(s).
11
Let j(q) = q**2 + q - 12. Let s(k) = -k - 4. Let o be (12/10)/((-3)/10). Let r be s(o). Give j(r).
-12
Let x(a) = 10*a**3 + a - 1. Suppose -6 - 2 = -4*d. Let m be -6*d*(-3)/18. Suppose -m = v - 3. Calculate x(v).
10
Let b(p) = p**3 + p + 1. Let z be b(0). Let l = 4 - 2. Let y(c) = 2 + l*